{"version":"1.0","provider_name":"Plan\u00e8te M\u00e9t\u00e9o Blog","provider_url":"https:\/\/planete-meteo.com\/blog","author_name":"Benji","author_url":"https:\/\/planete-meteo.com\/blog\/author\/benji\/","title":"Premiers 30 \u00b0C de l'ann\u00e9e dans l'Ain - Plan\u00e8te M\u00e9t\u00e9o Blog","type":"rich","width":600,"height":338,"html":"<blockquote class=\"wp-embedded-content\" data-secret=\"pOjJDRiAkw\"><a href=\"https:\/\/planete-meteo.com\/blog\/2021\/06\/15\/premiers-30-c-de-lannee-dans-lain\/\">Premiers 30 \u00b0C de l&rsquo;ann\u00e9e dans l&rsquo;Ain<\/a><\/blockquote><iframe sandbox=\"allow-scripts\" security=\"restricted\" src=\"https:\/\/planete-meteo.com\/blog\/2021\/06\/15\/premiers-30-c-de-lannee-dans-lain\/embed\/#?secret=pOjJDRiAkw\" width=\"600\" height=\"338\" title=\"\u00ab\u00a0Premiers 30 \u00b0C de l&rsquo;ann\u00e9e dans l&rsquo;Ain\u00a0\u00bb &#8212; Plan\u00e8te M\u00e9t\u00e9o Blog\" data-secret=\"pOjJDRiAkw\" frameborder=\"0\" marginwidth=\"0\" marginheight=\"0\" scrolling=\"no\" class=\"wp-embedded-content\"><\/iframe><script>\n\/*! This file is auto-generated *\/\n!function(d,l){\"use strict\";l.querySelector&&d.addEventListener&&\"undefined\"!=typeof URL&&(d.wp=d.wp||{},d.wp.receiveEmbedMessage||(d.wp.receiveEmbedMessage=function(e){var t=e.data;if((t||t.secret||t.message||t.value)&&!\/[^a-zA-Z0-9]\/.test(t.secret)){for(var s,r,n,a=l.querySelectorAll('iframe[data-secret=\"'+t.secret+'\"]'),o=l.querySelectorAll('blockquote[data-secret=\"'+t.secret+'\"]'),c=new RegExp(\"^https?:$\",\"i\"),i=0;i<o.length;i++)o[i].style.display=\"none\";for(i=0;i<a.length;i++)s=a[i],e.source===s.contentWindow&&(s.removeAttribute(\"style\"),\"height\"===t.message?(1e3<(r=parseInt(t.value,10))?r=1e3:~~r<200&&(r=200),s.height=r):\"link\"===t.message&&(r=new URL(s.getAttribute(\"src\")),n=new URL(t.value),c.test(n.protocol))&&n.host===r.host&&l.activeElement===s&&(d.top.location.href=t.value))}},d.addEventListener(\"message\",d.wp.receiveEmbedMessage,!1),l.addEventListener(\"DOMContentLoaded\",function(){for(var e,t,s=l.querySelectorAll(\"iframe.wp-embedded-content\"),r=0;r<s.length;r++)(t=(e=s[r]).getAttribute(\"data-secret\"))||(t=Math.random().toString(36).substring(2,12),e.src+=\"#?secret=\"+t,e.setAttribute(\"data-secret\",t)),e.contentWindow.postMessage({message:\"ready\",secret:t},\"*\")},!1)))}(window,document);\n<\/script>\n","description":"Les premiers 30\u00b0C de l&rsquo;ann\u00e9e en plaine a \u00e9t\u00e9 atteint quasiment partout dans l&rsquo;Ain ce mardi. Je rel\u00e8ve pour ma station donc 30.1\u00b0C \u00e0 Bourg en Bresse, pour ce qui est des stations du reste du d\u00e9partement, 30.3\u00b0C \u00e0 Cessy et Belley, 30.5\u00b0C \u00e0 St Rambert en Bugey, 30.8\u00b0C \u00e0 Marlieux, 31.1\u00b0C \u00e0 Viriat Le &hellip; Continuer la lecture de","thumbnail_url":"https:\/\/planete-meteo.com\/blog\/wp-content\/uploads\/2021\/06\/E38i7a1XMAACWsw.png"}

Planète Météo Blog

Premiers 30 °C de l'année dans l'Ain - Planète Météo Blog

<blockquote class="wp-embedded-content" data-secret="pOjJDRiAkw"><a href="https://planete-meteo.com/blog/2021/06/15/premiers-30-c-de-lannee-dans-lain/">Premiers 30 °C de l&rsquo;année dans l&rsquo;Ain</a></blockquote><iframe sandbox="allow-scripts" security="restricted" src="https://planete-meteo.com/blog/2021/06/15/premiers-30-c-de-lannee-dans-lain/embed/#?secret=pOjJDRiAkw" width="600" height="338" title="« Premiers 30 °C de l&rsquo;année dans l&rsquo;Ain » &#8212; Planète Météo Blog" data-secret="pOjJDRiAkw" frameborder="0" marginwidth="0" marginheight="0" scrolling="no" class="wp-embedded-content"></iframe><script>
/*! This file is auto-generated */
!function(d,l){"use strict";l.querySelector&&d.addEventListener&&"undefined"!=typeof URL&&(d.wp=d.wp||{},d.wp.receiveEmbedMessage||(d.wp.receiveEmbedMessage=function(e){var t=e.data;if((t||t.secret||t.message||t.value)&&!/[^a-zA-Z0-9]/.test(t.secret)){for(var s,r,n,a=l.querySelectorAll('iframe[data-secret="'+t.secret+'"]'),o=l.querySelectorAll('blockquote[data-secret="'+t.secret+'"]'),c=new RegExp("^https?:$","i"),i=0;i<o.length;i++)o[i].style.display="none";for(i=0;i<a.length;i++)s=a[i],e.source===s.contentWindow&&(s.removeAttribute("style"),"height"===t.message?(1e3<(r=parseInt(t.value,10))?r=1e3:~~r<200&&(r=200),s.height=r):"link"===t.message&&(r=new URL(s.getAttribute("src")),n=new URL(t.value),c.test(n.protocol))&&n.host===r.host&&l.activeElement===s&&(d.top.location.href=t.value))}},d.addEventListener("message",d.wp.receiveEmbedMessage,!1),l.addEventListener("DOMContentLoaded",function(){for(var e,t,s=l.querySelectorAll("iframe.wp-embedded-content"),r=0;r<s.length;r++)(t=(e=s[r]).getAttribute("data-secret"))||(t=Math.random().toString(36).substring(2,12),e.src+="#?secret="+t,e.setAttribute("data-secret",t)),e.contentWindow.postMessage({message:"ready",secret:t},"*")},!1)))}(window,document);
</script>

Les premiers 30°C de l&rsquo;année en plaine a été atteint quasiment partout dans l&rsquo;Ain ce mardi. Je relève pour ma station donc 30.1°C à Bourg en Bresse, pour ce qui est des stations du reste du département, 30.3°C à Cessy et Belley, 30.5°C à St Rambert en Bugey, 30.8°C à Marlieux, 31.1°C à Viriat Le &hellip; Continuer la lecture de
